t is n(-9)?
0
Let i(y) = 12219*y - 1087499. Calculate i(89).
-8
Let p(x) = -15*x**2 + 2953*x - 22797. Calculate p(8).
-133
Let y(z) = 222*z**2 - 2228*z + 179. What is y(10)?
99
Let n(h) = -2*h**3 - 35*h**2 + 411*h + 7289. What is n(-17)?
13
Let c(x) = 1071*x + 104976. What is c(-98)?
18
Let l(s) = -30470*s - 13132554. What is l(-431)?
16
Let x(w) = -w**3 + 23*w**2 - 391*w + 1333. Calculate x(4).
73
Let i(s) = -8308*s + 315792. Calculate i(38).
88
Let f(m) = m**2 + 1545*m + 583157. Give f(-656).
-27
Let j(z) = -2*z**3 + 29*z**2 + 131*z - 1354. Calculate j(15).
386
Let y(n) = n**3 - 31*n**2 - 353*n + 12559. What is y(26)?
1
Let l(d) = 47752*d + 1098435. Determine l(-23).
139
Let l(p) = 2*p**3 + 276*p**2 - 1449*p - 199966. Give l(-138).
-4
Let h(q) = -q**2 + 51331*q + 205343. Determine h(-4).
3
Let y(r) = 3*r**2 - 8968*r + 35846. Give y(4).
22
Let u(g) = -2*g**3 - 2*g**2 + 6*g - 73. Give u(-6).
251
Let f(h) = -1417*h - 182773. Determine f(-129).
20
Let n(o) = o**3 - 69*o**2 + 942*o - 2779. Determine n(13).
3
Let r(l) = -2*l**2 - 362*l + 137623. What is r(-368)?
-9
Let m(s) = 421*s - 171311. Calculate m(408).
457
Let i(x) = 1740*x + 18679. Calculate i(-9).
3019
Let s(n) = n**3 - n**2 - 13736*n + 54927. Give s(4).
31
Let w(r) = 3*r**2 + 24*r - 2628. Give w(28).
396
Let u(f) = 259*f - 4212. Calculate u(19).
709
Let i(o) = -680*o**2 - 37403*o - 225. Give i(-55).
-60
Let k(v) = -44*v**3 + 216*v**2 - 262*v + 48. What is k(1)?
-42
Let m(o) = o**2 + 502777*o - 3519445. What is m(7)?
43
Let s(p) = 2210*p - 54965. What is s(25)?
285
Let z(b) = -1667*b + 111590. Determine z(68).
-1766
Let y(m) = 1749*m - 15252. Determine y(9).
489
Let r(m) = -2*m**3 - 52*m**2 + 1454*m + 18. Calculate r(17).
-118
Let l(s) = -s**2 + 2697*s + 213589. Give l(-77).
-9
Let x(j) = 360*j + 17248. Give x(-48).
-32
Let f(k) = -23*k**2 + 76*k - 88. Determine f(2).
-28
Let b(h) = -150416*h + 601680. Determine b(4).
16
Let l(m) = -1615*m + 25100. What is l(16)?
-740
Let d(x) = 1637*x**2 - 1275*x - 2. Determine d(1).
360
Let y(s) = s**2 + 1795*s + 26709. Calculate y(-15).
9
Let m(t) = -t**2 - 22*t + 1052. Calculate m(0).
1052
Let g(x) = 16849*x + 117924. Determine g(-7).
-19
Let v(b) = 3*b**2 + 200467*b + 601370. What is v(-3)?
-4
Let t(n) = -2597*n + 218167. Give t(84).
19
Let l(h) = -18*h**2 + 318*h + 475. What is l(19)?
19
Let b(h) = -2475*h + 395481. Give b(160).
-519
Let h(g) = -10132*g - 253276. What is h(-25)?
24
Let c(w) = -1750*w**2 + 738496*w + 1692. Give c(422).
4
Let r(m) = 5312*m - 2788838. Give r(525).
-38
Let n(d) = 2*d**3 + 18*d**2 - 77*d - 559. Determine n(-8).
185
Let n(q) = q**2 + 500*q - 16740. Determine n(32).
284
Let v(w) = 6*w**3 + 406*w**2 - 2549*w - 164083. What is v(-68)?
1
Let y(r) = 2620*r - 29873. Calculate y(12).
1567
Let p(v) = -95*v**2 - 27*v + 25. What is p(-3)?
-749
Let x(i) = -4927*i**2 - 14757*i + 70. Determine x(-3).
-2
Let v(o) = o**2 - 363*o + 25364. Calculate v(94).
78
Let l(a) = 4634*a + 29063. Give l(-6).
1259
Let j(n) = 7058*n + 169460. Calculate j(-24).
68
Let b(f) = 3*f**3 + 101*f**2 - 38*f - 88. Determine b(-34).
48
Let p(h) = 2*h**3 - 154*h**2 + 724*h - 157. Determine p(72).
131
Let p(u) = 9*u**2 + 384*u + 1848. Give p(-6).
-132
Let s(q) = -516*q - 5977. Give s(-11).
-301
Let n(m) = -m**3 + 11*m**2 + 68*m - 136. Determine n(15).
-16
Let n(u) = -29680*u + 4451990. Give n(150).
-10
Let t(f) = -f**3 + 238*f**2 - 1581*f - 8298. Give t(231).
18
Let q(m) = -1831*m - 173933. Calculate q(-94).
-1819
Let o(m) = -82*m**2 + 2443*m + 65. Determine o(30).
-445
Let g(h) = -11*h**3 - h**2 + 130*h - 353. Calculate g(7).
-3265
Let s(j) = 181*j - 1364. Determine s(7).
-97
Let u(o) = 958*o - 5846. Determine u(8).
1818
Let i(d) = 121740*d - 121727. Give i(1).
13
Let m(p) = -2*p**2 + 139*p - 1710. Calculate m(14).
-156
Let n(o) = o**3 - 181*o**2 - 473*o + 19978. Calculate n(183).
397
Let l(b) = -b**3 + 72*b**2 - 190*b + 3456. Determine l(70).
-44
Let p(r) = -54072*r + 70401749. What is p(1302)?
5
Let n(w) = -2*w**3 + 31*w**2 + 346*w - 93. Give n(23).
-70
Let s(a) = -3*a**3 - 20*a**2 + 1944*a + 64. Give s(-29).
35
Let t(d) = d**3 - 2637*d**2 - 109798*d + 82. Give t(-41).
82
Let y(o) = 122*o + 2149. What is y(-13)?
563
Let m(q) = -1773*q - 173734. Calculate m(-98).
20
Let s(h) = 2*h**3 + 8*h**2 + 19138*h + 114770. Determine s(-6).
-202
Let r(f) = -11920*f + 238376. Give r(20).
-24
Let f(k) = -45*k**2 + 2749*k + 113. What is f(61)?
357
Let x(v) = 293*v + 111264. Determine x(-380).
-76
Let x(c) = 5950*c - 261470. Calculate x(44).
330
Let q(z) = 3*z**2 + 346*z - 25290. Calculate q(-166).
-58
Let v(q) = -475*q**2 - 2073*q - 1932. Determine v(-3).
12
Let o(t) = 593*t + 117418. What is o(-198)?
4
Let d(g) = 1947*g - 71941. Calculate d(37).
98
Let h(m) = 22409*m + 5490199. Give h(-245).
-6
Let v(g) = -788*g**2 - 1715*g + 1718. Calculate v(1).
-785
Let x(o) = 2*o**3 - 19*o**2 - 19*o + 54. Calculate x(3).
-120
Let x(v) = v**2 - 248*v + 7270. What is x(212)?
-362
Let j(a) = -80*a**3 - 1678*a**2 + 41*a + 27. Give j(-21).
48
Let s(b) = -8524268*b + 42621334. Give s(5).
-6
Let z(k) = 3*k**3 + 52*k**2 + 76*k + 25. What is z(-13)?
1234
Let o(s) = -2202*s - 679141. What is o(-308)?
-925
Let g(q) = 7562*q + 196601. Determine g(-26).
-11
Let r(y) = -18757*y + 18953. What is r(1)?
196
Let q(n) = 65*n**3 + 10*n**2 + 108*n - 413. Give q(4).
4339
Let x(q) = -q**3 - 322*q**2 - 568*q - 501471. Determine x(-325).
4
Let k(h) = h**2 - 1116*h - 133481. Give k(-109).
44
Let m(b) = 2*b**3 + 27*b**2 + 7*b - 284. Calculate m(-12).
64
Let z(m) = 4040*m**2 + 24240*m - 30. What is z(-6)?
-30
Let a(y) = 4*y**2 - 6663*y - 94057. Calculate a(-14).
9
Let b(a) = 9*a**3 + 162*a**2 + 128*a - 434. Determine b(-17).
-9
Let f(z) = -z**3 - 258*z**2 + 431*z - 23145. What is f(-260)?
-5
Let l(j) = -6*j**2 + 1969*j - 340. What is l(328)?
-12
Let i(o) = -o**3 - 186*o**2 - 370*o - 31772. Calculate i(-185).
2453
Let h(c) = -c**2 + 318*c + 3323. Determine h(-10).
43
Let f(u) = -766*u + 6428. Calculate f(10).
-1232
Let j(a) = -136*a**2 + 36316*a - 1067. Determine j(267).
1
Let o(a) = -82539*a + 1733324. Determine o(21).
5
Let u(j) = -j**3 - 145*j**2 - 1598*j - 145828. Calculate u(-141).
-34
Let a(k) = 655*k - 17700. Calculate a(27).
-15
Let s(w) = 2*w**3 - 373*w**2 + 5448*w + 174. Give s(16).
46
Let o(h) = 76448*h + 76468. What is o(-1)?
20
Let a(s) = 131*s**2 - 104*s - 332. What is a(-3)?
1159
Let f(i) = 79*i + 2227. What is f(-43)?
-1170
Let n(l) = 29253*l - 146415. Calculate n(5).
-150
Let i(s) = 951*s + 267054. What is i(-281)?
-177
Let p(d) = 229*d**2 + 29082*d - 182. Give p(-127).
-55
Let i(f) = f**2 - 405*f - 17761. Calculate i(-40).
39
Let c(b) = 21810*b - 9705451. Determine c(445).
-1
Let c(x) = 547*x**3 + x**2 + 59*x - 63. Calculate c(1).
544
Let s(c) = -1018*c - 28779. Give s(-28).
-275
Let m(k) = -121*k + 736. Give m(5).
131
Let t(p) = 2449*p + 51895. What is t(-21)?
466
Let n(l) = -18*l - 2693. Calculate n(-130).
-353
Let r(o) = -o**2 - 22994*o - 45989. Determine r(-2).
-5
Let b(n) = 64*n + 1. Calculate b(-1).
-63
Let g(h) = 777*h - 14862. Give g(19).
-99
Let f(y) = y**2 + 95*y - 21278. Give f(93).
-3794
Let o(s) = -23819*s - 404929. Calculate o(-17).
-6
Let c(r) = -r**2 - 743*r - 60982. Determine c(-94).
24
Let n(b) = -14*b**3 - 5320*b**2 - 5492*b - 70490. What is n(-379)?
4
Let a(n) = 18937*n - 1533875. Determine a(81).
22
Let f(p) = 75*p + 28133. Give f(-374).
83
Let f(d) = -d**2 + 813*d + 55290. What is f(-63)?
102
Let t(m) = 12*m**3 - 106*m**2 - 4271*m + 281. Determine t(-15).
-4
Let t(f) = f**2 - 3425*f + 10276. What is t(3)?
10
Let s(i) = 2*i**3 - 626*i**2 - 389*i - 75035. Give s(314).
11
Let o(x) = 8*x**3 - 1690*x**2 + 423*x - 214. Give o(211).
-3
Let m(r) = 1900*r + 22531. Calculate m(-12).
-269
Let j(m) = -2*m**2 - 742*m - 46944. Give j(-290).
36
Let k(y) = -160284*y - 480751. What is k(-3)?
101
Let f(j) = 5*j**2 + 283*j - 2133. What is f(7)?
93
Let a(d) = 14*d**3 - 5621*d**2 - 2813*d - 363. Calculate a(402).
39
Let a(c) = -5*c**3 - 260*c**2 - 2662*c - 47. What is a(-14)?
-19
Let q(t) = -t**3 + 89*t**2 + 8204*t - 730010. Determine q(91).
-8
Let y(z) = 4773*z + 105201. What is y(-22)?
195
Let a(s) = 1035*s**2 - 6357*s + 6. Determine a(6).
-876
Let d(c) = -2*c**3 + 165*c**2 + 97*c - 1201. De